 y. What are the prime factors of c?
53
Let p = 129 - 104. Suppose -16*t + p*t = 909. What are the prime factors of t?
101
Let t(i) = -3*i + 3. Let c be t(-6). Let u = -32 + c. What are the prime factors of (u - 0)*(-11 - -9)?
2, 11
Let a(s) = -s**3 + 5*s**2 + 6*s + 2. Let b be a(6). Let n be -10*(3/b + -2). Suppose -120 = -n*u - w, u - 45 = -u - w. List the prime factors of u.
5
Suppose -4*h - 2179 = -3*n, 4*n + 0*n = 5*h + 2905. Suppose 2*c - n + 139 = -5*v, c = -3*v + 352. What are the prime factors of v?
2, 59
Let f be 0 + 1 - 1*10. Let q be (-1 - -4)*(-40)/30 - -4. List the prime factors of q + f*12/(-4).
3
Let l = -533 - -738. What are the prime factors of l?
5, 41
Let t be 20/(-40) - (-11)/2. Suppose -3*n + 161 = t*x, 2*x + 2*x + 204 = 4*n. What are the prime factors of n?
2, 13
What are the prime factors of 533 + (-1 - 1)/((-5)/(-10))?
23
Suppose -3*t + 10 = 4. Let w = t + 5. Suppose -19 = -2*h - w. What are the prime factors of h?
2, 3
Let d be 10 - 8 - 2/(-2). Suppose -d*j + 39 = -2*j. What are the prime factors of j?
3, 13
Suppose 0 = 2*u + 4*w - 1114, -10*u + 7*u + 2*w = -1711. What are the prime factors of u?
3, 7
Suppose 7*g + 906 = 10*g. Let i = g + -171. What are the prime factors of i?
131
Let z(x) = 9*x - 48. Let k be z(5). List the prime factors of (714 - k)*(-8)/(-24).
239
Suppose -d + m + 2*m = -3432, 3433 = d - 2*m. What are the prime factors of d?
3, 5, 229
Let s(p) be the third derivative of p**5/10 + p**4/24 + p**3/3 - 3*p**2. Let f be s(2). List the prime factors of f + (1 - (0 + 3)).
2, 13
Suppose -3130 = -15*n + 125. List the prime factors of n.
7, 31
Suppose 0 = 3*r - 2*r. List the prime factors of (5 - 7) + (154 - r/3).
2, 19
Let l = 513 - 1443. What are the prime factors of ((-15)/(-25))/((-3)/l)?
2, 3, 31
Let k(x) be the first derivative of x**5/30 - 2*x**3/3 + x**2 - 2. Let d(h) be the second derivative of k(h). List the prime factors of d(-3).
2, 7
Suppose -2*w - 2*w + 5*q + 105 = 0, 0 = 3*w + 3*q - 45. Let c be (w/(-8))/((-3)/12). Let x = 30 - c. What are the prime factors of x?
2, 5
Let w = -407 + 793. What are the prime factors of w?
2, 193
Let u(l) = -6*l + 7. Let r be u(-5). Suppose -j = -18 - r. What are the prime factors of j?
5, 11
Let k(w) be the second derivative of w**6/180 + w**5/8 - 7*w**4/12 + 2*w. Let j(y) be the third derivative of k(y). What are the prime factors of j(7)?
43
Suppose -i + 4 = 2*h + 2*i, 2*h - 4*i - 4 = 0. Suppose 2*d = 50 - h. List the prime factors of d.
2, 3
Let a(n) = 10 - n**2 - 4*n + 2*n + 4*n + 9*n. Let h be a(11). List the prime factors of (-531)/(-15) + (-4)/h.
5, 7
Let y(c) = 51*c + 132. List the prime factors of y(77).
3, 11, 41
Let z be -4*(-4)/(1 + 3). Let b be z/10 + (-7824)/(-40). Suppose 0 = 5*j - j - b. List the prime factors of j.
7
Suppose 4*r = -5*n + 6242, -n - 131 + 1383 = 2*r. What are the prime factors of n?
2, 7, 89
Suppose 656 = -7*w + 1685. What are the prime factors of w?
3, 7
Let k = -333 + 333. Let d(m) = -28*m**3 - 2*m**2 - 1. Let r be d(-2). Suppose k*i = -5*i + r. List the prime factors of i.
43
Let l(k) = k**2 + 40*k + 30. What are the prime factors of l(-72)?
2, 3, 389
Let h(r) = 3*r - 4. Let y be h(11). Let t = y - 18. What are the prime factors of t?
11
Let j be 8/12*6 + 26. What are the prime factors of 85*(20/125)/(3/j)?
2, 17
Let p(i) be the second derivative of 1/2*i**3 + 1/6*i**4 + 15/2*i**2 - 5*i + 0. List the prime factors of p(-6).
3, 23
Let d(k) = -2*k. Let x(w) = -w + 8. Let j be x(9). Let v be d(j). Suppose -v*a + 3*q + 60 = -q, 0 = 5*q + 10. List the prime factors of a.
2, 13
Let d = 301 + 50. List the prime factors of d.
3, 13
Suppose -4*j = -4, 4 = p + 4*j - 4. Suppose 13 = 2*n - 3*c, -n - 6 = p*c + 15. List the prime factors of (-64 - n)*1/(-3).
3, 7
Let h(f) = 3*f**3 - 61*f**2 - 5*f + 37. List the prime factors of h(21).
2, 11, 37
Let q = -173 - -404. What are the prime factors of q?
3, 7, 11
Let y(n) = 2*n**2 + 2*n - 1. Let t(q) = -3*q**2 - 2*q. Let j(k) = -3*t(k) - 4*y(k). What are the prime factors of j(-6)?
2, 13
Let f(v) = 4*v**2 + 149*v + 101. List the prime factors of f(-48).
5, 433
Suppose 2*l - t = 1423, -71*t + 67*t + 20 = 0. List the prime factors of l.
2, 3, 7, 17
Let v be (1/1 - 5) + 4. Suppose v = -10*i - 1 + 51. What are the prime factors of i?
5
Let s(m) = m**2 - 4*m + 2. Let x be s(3). Let f = x - -4. Suppose -5*u + u = -f*w + 16, -5*w + u + 55 = 0. What are the prime factors of w?
2, 3
Let v(f) = -f**2 - 7*f. Let w = 15 - 7. Suppose 10 + w = -3*g - 4*n, 3*g - 3*n = -18. List the prime factors of v(g).
2, 3
Let b = 59 - 30. Let c = -16 + b. What are the prime factors of c?
13
Let x be ((-56)/35)/((-2)/5). Suppose x*k - 6 - 6 = 0. Suppose 2*m - 4*d = 18, -m - 24 = -k*m + 2*d. What are the prime factors of m?
3, 5
Let h be 880/50 - (-4)/10. Suppose -3*k = 5*d - 2*d - 18, 5*k + 2*d = h. List the prime factors of k.
2
Let h = 10 - 5. Suppose 4*p = -o + 6, 0*o - 12 = -5*p + o. Suppose -h*n - 4*z = -28, 0*n + p*n = 4*z + 28. What are the prime factors of n?
2
Let t = 21 + -24. Let s be (-1)/t*(12 - 0). Suppose -23 - 30 = -w - s*h, 0 = -5*w - 5*h + 280. What are the prime factors of w?
3, 19
Let a(z) = z**3 - 15*z**2 + 20*z + 21. Let s be a(13). Suppose 4*i + 0*k + 20 = 3*k, -4*k - 16 = 0. List the prime factors of i/(s/(-15) + -4).
2, 5
Let g(d) = -4*d**3 - 3*d**2 + 4*d + 5. Let m(o) = -o**3 + o + 1. Let j(y) = g(y) - 5*m(y). List the prime factors of j(4).
2, 3
Suppose j - 1252 - 433 = -3*h, -25 = -5*h. List the prime factors of j.
2, 5, 167
Let s = -6 - -11. Suppose -n + 4 = n. Suppose -5*u + 3*u = -n*b + 2, 0 = b - s*u + 11. List the prime factors of b.
2
Let l = 59 - 42. What are the prime factors of l?
17
Suppose 5398 = 3*n - l, -4*n - 29*l = -34*l - 7179. List the prime factors of n.
1801
Suppose -15 = -q - 2*z, q + 4*z - 30 = -z. Suppose -q*c = -132 + 17. List the prime factors of c.
23
Let p = -5 - -3. Let d = 5 + p. List the prime factors of (12/(-4))/d + 7.
2, 3
Let b(d) = -685*d - 188. List the prime factors of b(-5).
3, 13, 83
Suppose -5*y - 6 + 41 = 0. Suppose y*x - 4*q - 49 = 2*x, 2*x - 19 = q. Suppose -78 = -x*u + 264. What are the prime factors of u?
2, 19
Let d(b) = -b**3 + 9*b**2 + 11*b - 11. Let u(h) = -h + 1. Let r be u(-8). List the prime factors of d(r).
2, 11
Suppose -3*x - 3*l + 15 = 0, -x - 2*l = -6*l. Suppose d + 37 = h + h, -3*d + 5*h = 110. List the prime factors of (x/10)/((-1)/d).
2, 7
Let x be (-5)/(-8 + 3) + 14. Let w = x - -5. List the prime factors of w.
2, 5
Let v = 18 + -14. Suppose -12*m + 10*m + v = 0. Suppose 37 = m*c + 3*u, -5*c + 106 = -0*u + 3*u. List the prime factors of c.
23
Let x = -65 - -63. List the prime factors of ((-24)/(-4))/x - (1 - 84).
2, 5
Let d = 8783 + -6034. What are the prime factors of d?
2749
Let b(w) = -w**2 + 1. Let i(j) = -4*j**2 + 5*j + 23. Let z(u) = -6*b(u) + i(u). What are the prime factors of z(-9)?
2, 67
Suppose -q + 2*q = -2*n + 6598, 3*q + 12 = 0. What are the prime factors of n?
3301
Suppose -6*i - 4 = -5*p - 3*i, 10 = 5*i. Let q(b) = 2*b**2 + 2 - 4*b + 0*b**p + b. List the prime factors of q(3).
11
Suppose -661*z + 667*z = 2826. What are the prime factors of z?
3, 157
Suppose -4*y - 5*p - 113 = 0, -2*p - 125 = 5*y + p. Let k = -18 - y. Suppose -69 + 5 = -k*w. What are the prime factors of w?
2
Suppose -5*l = 4*p - 2349, 0 = 3*p - 8*p - 20. List the prime factors of l.
11, 43
Suppose 0 = q - 21 + 44. Let p = q - -194. List the prime factors of p.
3, 19
Suppose 26*l = 31*l + 840. Let n = l - -371. List the prime factors of n.
7, 29
Suppose 5*w - 834 = -w. Suppose 141 + w = 2*x. List the prime factors of x.
2, 5, 7
Let r(n) be the third derivative of n**5/12 + 5*n**4/24 - 11*n**3/6 - 4*n**2. What are the prime factors of r(4)?
89
Let j be (-1)/(0 + 3/(-177)). Let l = 73 + j. What are the prime factors of l?
2, 3, 11
Suppose 7*q - 2871 - 713 = 0. What are the prime factors of q?
2
Let h(g) be the first derivative of 9*g**4/2 - 2*g**3/3 + 4*g + 21. What are the prime factors of h(2)?
2, 5, 7
Let c = 99 - -2505. What are the prime factors of c?
2, 3, 7, 31
Let k = -144 - -823. List the prime factors of k.
7, 97
Suppose 212 = 2*c + 5*m, 0 = -3*c + 5*m + 436 - 168. List the prime factors of c.
2, 3
Suppose -7963 + 38467 = 41*s. List the prime fa